{"id":77,"date":"2023-01-05T14:09:22","date_gmt":"2023-01-05T13:09:22","guid":{"rendered":"https:\/\/www.autolaveuse-balayeuse-services.com\/?page_id=77"},"modified":"2026-03-07T13:35:09","modified_gmt":"2026-03-07T12:35:09","slug":"services","status":"publish","type":"page","link":"https:\/\/www.autolaveuse-balayeuse-services.com\/index.php\/services\/","title":{"rendered":"Services"},"content":{"rendered":"\t\t<div data-elementor-type=\"wp-page\" data-elementor-id=\"77\" class=\"elementor elementor-77\">\n\t\t\t\t\t\t\t\t\t<section class=\"elementor-section elementor-top-section elementor-element elementor-element-6191369 elementor-section-boxed elementor-section-height-default elementor-section-height-default\" data-id=\"6191369\" data-element_type=\"section\">\n\t\t\t\t\t\t<div class=\"elementor-container elementor-column-gap-default\">\n\t\t\t\t\t<div class=\"elementor-column elementor-col-100 elementor-top-column elementor-element elementor-element-b20e3e9\" data-id=\"b20e3e9\" data-element_type=\"column\">\n\t\t\t<div class=\"elementor-widget-wrap elementor-element-populated\">\n\t\t\t\t\t\t\t\t<div class=\"elementor-element elementor-element-f073459 elementor-widget elementor-widget-heading\" data-id=\"f073459\" data-element_type=\"widget\" data-widget_type=\"heading.default\">\n\t\t\t\t<div class=\"elementor-widget-container\">\n\t\t\t<style>\/*! elementor - v3.7.4 - 31-08-2022 *\/\n.elementor-heading-title{padding:0;margin:0;line-height:1}.elementor-widget-heading .elementor-heading-title[class*=elementor-size-]>a{color:inherit;font-size:inherit;line-height:inherit}.elementor-widget-heading .elementor-heading-title.elementor-size-small{font-size:15px}.elementor-widget-heading .elementor-heading-title.elementor-size-medium{font-size:19px}.elementor-widget-heading .elementor-heading-title.elementor-size-large{font-size:29px}.elementor-widget-heading .elementor-heading-title.elementor-size-xl{font-size:39px}.elementor-widget-heading .elementor-heading-title.elementor-size-xxl{font-size:59px}<\/style><h2 class=\"elementor-heading-title elementor-size-default\">SERVICES ET PI\u00c8CES D\u00c9TACH\u00c9ES<\/h2>\t\t<\/div>\n\t\t\t\t<\/div>\n\t\t\t\t\t<\/div>\n\t\t<\/div>\n\t\t\t\t\t\t\t<\/div>\n\t\t<\/section>\n\t\t\t\t<section class=\"elementor-section elementor-top-section elementor-element elementor-element-c072a5a elementor-section-boxed elementor-section-height-default elementor-section-height-default\" data-id=\"c072a5a\" data-element_type=\"section\">\n\t\t\t\t\t\t<div class=\"elementor-container elementor-column-gap-default\">\n\t\t\t\t\t<div class=\"elementor-column elementor-col-100 elementor-top-column elementor-element elementor-element-0ba2eeb\" data-id=\"0ba2eeb\" data-element_type=\"column\">\n\t\t\t<div class=\"elementor-widget-wrap elementor-element-populated\">\n\t\t\t\t\t\t\t\t<div class=\"elementor-element elementor-element-d243641 elementor-widget elementor-widget-text-editor\" data-id=\"d243641\" data-element_type=\"widget\" data-widget_type=\"text-editor.default\">\n\t\t\t\t<div class=\"elementor-widget-container\">\n\t\t\t<style>\/*! elementor - v3.7.4 - 31-08-2022 *\/\n.elementor-widget-text-editor.elementor-drop-cap-view-stacked .elementor-drop-cap{background-color:#818a91;color:#fff}.elementor-widget-text-editor.elementor-drop-cap-view-framed .elementor-drop-cap{color:#818a91;border:3px solid;background-color:transparent}.elementor-widget-text-editor:not(.elementor-drop-cap-view-default) .elementor-drop-cap{margin-top:8px}.elementor-widget-text-editor:not(.elementor-drop-cap-view-default) .elementor-drop-cap-letter{width:1em;height:1em}.elementor-widget-text-editor .elementor-drop-cap{float:left;text-align:center;line-height:1;font-size:50px}.elementor-widget-text-editor .elementor-drop-cap-letter{display:inline-block}<\/style>\t\t\t\t<h3>Faites vos commandes par SMS au num\u00e9ro suivant : 06.46.33.96.28<\/h3>\t\t\t\t\t\t<\/div>\n\t\t\t\t<\/div>\n\t\t\t\t\t<\/div>\n\t\t<\/div>\n\t\t\t\t\t\t\t<\/div>\n\t\t<\/section>\n\t\t\t\t<section class=\"elementor-section elementor-top-section elementor-element elementor-element-6debf5c elementor-section-boxed elementor-section-height-default elementor-section-height-default\" data-id=\"6debf5c\" data-element_type=\"section\">\n\t\t\t\t\t\t<div class=\"elementor-container elementor-column-gap-default\">\n\t\t\t\t\t<div class=\"elementor-column elementor-col-50 elementor-top-column elementor-element elementor-element-de99c25\" data-id=\"de99c25\" data-element_type=\"column\">\n\t\t\t<div class=\"elementor-widget-wrap elementor-element-populated\">\n\t\t\t\t\t\t\t\t<div class=\"elementor-element elementor-element-b29396c elementor-widget elementor-widget-heading\" data-id=\"b29396c\" data-element_type=\"widget\" data-widget_type=\"heading.default\">\n\t\t\t\t<div class=\"elementor-widget-container\">\n\t\t\t<h3 class=\"elementor-heading-title elementor-size-default\">PI\u00c8CES DETACH\u00c9ES<\/h3>\t\t<\/div>\n\t\t\t\t<\/div>\n\t\t\t\t<div class=\"elementor-element elementor-element-ef287c5 elementor-view-default elementor-widget elementor-widget-icon\" data-id=\"ef287c5\" data-element_type=\"widget\" data-widget_type=\"icon.default\">\n\t\t\t\t<div class=\"elementor-widget-container\">\n\t\t\t\t\t<div class=\"elementor-icon-wrapper\">\n\t\t\t<div class=\"elementor-icon\">\n\t\t\t<i aria-hidden=\"true\" class=\"fas fa-tools\"><\/i>\t\t\t<\/div>\n\t\t<\/div>\n\t\t\t\t<\/div>\n\t\t\t\t<\/div>\n\t\t\t\t<div class=\"elementor-element elementor-element-cfaf0fe elementor-widget elementor-widget-text-editor\" data-id=\"cfaf0fe\" data-element_type=\"widget\" data-widget_type=\"text-editor.default\">\n\t\t\t\t<div class=\"elementor-widget-container\">\n\t\t\t\t\t\t\t<p>Pour votre mat\u00e9riel de nettoyage nous pouvons vous fournir les pi\u00e8ces d\u00e9tach\u00e9es et pi\u00e8ces d\u2019usures d\u2019origine ou en adaptable au meilleur tarif.<\/p><p><strong><span class=\"delais-liv\">Livraison en 72 heures.<\/span><\/strong><\/p>\t\t\t\t\t\t<\/div>\n\t\t\t\t<\/div>\n\t\t\t\t\t<\/div>\n\t\t<\/div>\n\t\t\t\t<div class=\"elementor-column elementor-col-50 elementor-top-column elementor-element elementor-element-0822bcc\" data-id=\"0822bcc\" data-element_type=\"column\">\n\t\t\t<div class=\"elementor-widget-wrap elementor-element-populated\">\n\t\t\t\t\t\t\t\t<div class=\"elementor-element elementor-element-edb57ee elementor-widget elementor-widget-heading\" data-id=\"edb57ee\" data-element_type=\"widget\" data-widget_type=\"heading.default\">\n\t\t\t\t<div class=\"elementor-widget-container\">\n\t\t\t<h3 class=\"elementor-heading-title elementor-size-default\">ENTRETIEN ET D\u00c9PANNAGE<\/h3>\t\t<\/div>\n\t\t\t\t<\/div>\n\t\t\t\t<div class=\"elementor-element elementor-element-0de7068 elementor-view-default elementor-widget elementor-widget-icon\" data-id=\"0de7068\" data-element_type=\"widget\" data-widget_type=\"icon.default\">\n\t\t\t\t<div class=\"elementor-widget-container\">\n\t\t\t\t\t<div class=\"elementor-icon-wrapper\">\n\t\t\t<div class=\"elementor-icon\">\n\t\t\t<i aria-hidden=\"true\" class=\"fas fa-cog\"><\/i>\t\t\t<\/div>\n\t\t<\/div>\n\t\t\t\t<\/div>\n\t\t\t\t<\/div>\n\t\t\t\t<div class=\"elementor-element elementor-element-3c80ec8 elementor-widget elementor-widget-text-editor\" data-id=\"3c80ec8\" data-element_type=\"widget\" data-widget_type=\"text-editor.default\">\n\t\t\t\t<div class=\"elementor-widget-container\">\n\t\t\t\t\t\t\t<p>Nous vous assurons l\u2019entretien de votre machine et les r\u00e9parations sur l\u2019ensemble du territoire, un d\u00e9pannage rapide et efficace effectu\u00e9 par des partenaires professionnels locaux ou par le service SAV des constructeurs.<\/p><p>Pour nos machines neuves et d occasions nous vous proposons un contrat de maintenance avec des visites pr\u00e9ventives et curatives permettant un co\u00fbt mensuel r\u00e9gulier et le b\u00e9n\u00e9fice d\u2019une machine fonctionnelle en permanence.<\/p>\t\t\t\t\t\t<\/div>\n\t\t\t\t<\/div>\n\t\t\t\t\t<\/div>\n\t\t<\/div>\n\t\t\t\t\t\t\t<\/div>\n\t\t<\/section>\n\t\t\t\t<section class=\"elementor-section elementor-top-section elementor-element elementor-element-6fd0f41 elementor-section-boxed elementor-section-height-default elementor-section-height-default\" data-id=\"6fd0f41\" data-element_type=\"section\">\n\t\t\t\t\t\t<div class=\"elementor-container elementor-column-gap-default\">\n\t\t\t\t\t<div class=\"elementor-column elementor-col-100 elementor-top-column elementor-element elementor-element-0a1ad27\" data-id=\"0a1ad27\" data-element_type=\"column\">\n\t\t\t<div class=\"elementor-widget-wrap elementor-element-populated\">\n\t\t\t\t\t\t\t\t<div class=\"elementor-element elementor-element-2d0f5e9 elementor-align-center elementor-widget elementor-widget-button\" data-id=\"2d0f5e9\" data-element_type=\"widget\" data-widget_type=\"button.default\">\n\t\t\t\t<div class=\"elementor-widget-container\">\n\t\t\t\t\t<div class=\"elementor-button-wrapper\">\n\t\t\t<a href=\"https:\/\/www.autolaveuse-balayeuse-services.com\/index.php\/contact\/\" class=\"elementor-button-link elementor-button elementor-size-sm\" role=\"button\">\n\t\t\t\t\t\t<span class=\"elementor-button-content-wrapper\">\n\t\t\t\t\t\t<span class=\"elementor-button-text\">Demande de tarifs et solutions financi\u00e8res<\/span>\n\t\t<\/span>\n\t\t\t\t\t<\/a>\n\t\t<\/div>\n\t\t\t\t<\/div>\n\t\t\t\t<\/div>\n\t\t\t\t\t<\/div>\n\t\t<\/div>\n\t\t\t\t\t\t\t<\/div>\n\t\t<\/section>\n\t\t\t\t\t\t\t<\/div>\n\t\t","protected":false},"excerpt":{"rendered":"<p>SERVICES ET PI\u00c8CES D\u00c9TACH\u00c9ES Faites vos commandes par SMS au num\u00e9ro suivant : 06.46.33.96.28 PI\u00c8CES DETACH\u00c9ES Pour votre mat\u00e9riel de nettoyage nous pouvons vous fournir les pi\u00e8ces d\u00e9tach\u00e9es et pi\u00e8ces d\u2019usures d\u2019origine ou en adaptable au meilleur tarif. Livraison en 72 heures. ENTRETIEN ET D\u00c9PANNAGE Nous vous assurons l\u2019entretien de votre machine et les r\u00e9parations &hellip;<\/p>\n<p class=\"read-more\"> <a class=\"\" href=\"https:\/\/www.autolaveuse-balayeuse-services.com\/index.php\/services\/\"> <span class=\"screen-reader-text\">Services<\/span> Lire la suite\u00a0\u00bb<\/a><\/p>\n","protected":false},"author":1,"featured_media":0,"parent":0,"menu_order":0,"comment_status":"closed","ping_status":"closed","template":"","meta":{"site-sidebar-layout":"no-sidebar","site-content-layout":"page-builder","ast-global-header-display":"","ast-main-header-display":"","ast-hfb-above-header-display":"","ast-hfb-below-header-display":"","ast-hfb-mobile-header-display":"","site-post-title":"disabled","ast-breadcrumbs-content":"","ast-featured-img":"disabled","footer-sml-layout":"","theme-transparent-header-meta":"","adv-header-id-meta":"","stick-header-meta":"","header-above-stick-meta":"","header-main-stick-meta":"","header-below-stick-meta":"","footnotes":""},"class_list":["post-77","page","type-page","status-publish","hentry"],"yoast_head":"<!-- This site is optimized with the Yoast SEO plugin v19.6.1 - https:\/\/yoast.com\/wordpress\/plugins\/seo\/ -->\n<title>Services - AUTOLAVEUSE BALAYEUSE SERVICES<\/title>\n<meta name=\"description\" content=\"Services - ABS vous pr\u00e9sente ici les diff\u00e9rents services propos\u00e9s par la soci\u00e9t\u00e9 : vente de pi\u00e8ces d\u00e9tach\u00e9es, entretien et r\u00e9paration de machines de lavage et nettoyage.\" \/>\n<meta name=\"robots\" content=\"index, follow, max-snippet:-1, max-image-preview:large, max-video-preview:-1\" \/>\n<link rel=\"canonical\" href=\"https:\/\/www.autolaveuse-balayeuse-services.com\/index.php\/services\/\" \/>\n<meta property=\"og:locale\" content=\"fr_FR\" \/>\n<meta property=\"og:type\" content=\"article\" \/>\n<meta property=\"og:title\" content=\"Services - AUTOLAVEUSE BALAYEUSE SERVICES\" \/>\n<meta property=\"og:description\" content=\"Services - ABS vous pr\u00e9sente ici les diff\u00e9rents services propos\u00e9s par la soci\u00e9t\u00e9 : vente de pi\u00e8ces d\u00e9tach\u00e9es, entretien et r\u00e9paration de machines de lavage et nettoyage.\" \/>\n<meta property=\"og:url\" content=\"https:\/\/www.autolaveuse-balayeuse-services.com\/index.php\/services\/\" \/>\n<meta property=\"og:site_name\" content=\"AUTOLAVEUSE BALAYEUSE SERVICES\" \/>\n<meta property=\"article:modified_time\" content=\"2026-03-07T12:35:09+00:00\" \/>\n<meta name=\"twitter:card\" content=\"summary_large_image\" \/>\n<meta name=\"twitter:label1\" content=\"Dur\u00e9e de lecture estim\u00e9e\" \/>\n\t<meta name=\"twitter:data1\" content=\"1 minute\" \/>\n<script type=\"application\/ld+json\" class=\"yoast-schema-graph\">{\"@context\":\"https:\/\/schema.org\",\"@graph\":[{\"@type\":\"WebPage\",\"@id\":\"https:\/\/www.autolaveuse-balayeuse-services.com\/index.php\/services\/\",\"url\":\"https:\/\/www.autolaveuse-balayeuse-services.com\/index.php\/services\/\",\"name\":\"Services - AUTOLAVEUSE BALAYEUSE SERVICES\",\"isPartOf\":{\"@id\":\"http:\/\/www.autolaveuse-balayeuse-services.com\/#website\"},\"datePublished\":\"2023-01-05T13:09:22+00:00\",\"dateModified\":\"2026-03-07T12:35:09+00:00\",\"description\":\"Services - ABS vous pr\u00e9sente ici les diff\u00e9rents services propos\u00e9s par la soci\u00e9t\u00e9 : vente de pi\u00e8ces d\u00e9tach\u00e9es, entretien et r\u00e9paration de machines de lavage et nettoyage.\",\"breadcrumb\":{\"@id\":\"https:\/\/www.autolaveuse-balayeuse-services.com\/index.php\/services\/#breadcrumb\"},\"inLanguage\":\"fr-FR\",\"potentialAction\":[{\"@type\":\"ReadAction\",\"target\":[\"https:\/\/www.autolaveuse-balayeuse-services.com\/index.php\/services\/\"]}]},{\"@type\":\"BreadcrumbList\",\"@id\":\"https:\/\/www.autolaveuse-balayeuse-services.com\/index.php\/services\/#breadcrumb\",\"itemListElement\":[{\"@type\":\"ListItem\",\"position\":1,\"name\":\"Accueil\",\"item\":\"http:\/\/www.autolaveuse-balayeuse-services.com\/\"},{\"@type\":\"ListItem\",\"position\":2,\"name\":\"Services\"}]},{\"@type\":\"WebSite\",\"@id\":\"http:\/\/www.autolaveuse-balayeuse-services.com\/#website\",\"url\":\"http:\/\/www.autolaveuse-balayeuse-services.com\/\",\"name\":\"AUTOLAVEUSE BALAYEUSE SERVICES\",\"description\":\"Autolaveuse Balayeuse Services\",\"publisher\":{\"@id\":\"http:\/\/www.autolaveuse-balayeuse-services.com\/#organization\"},\"potentialAction\":[{\"@type\":\"SearchAction\",\"target\":{\"@type\":\"EntryPoint\",\"urlTemplate\":\"http:\/\/www.autolaveuse-balayeuse-services.com\/?s={search_term_string}\"},\"query-input\":\"required name=search_term_string\"}],\"inLanguage\":\"fr-FR\"},{\"@type\":\"Organization\",\"@id\":\"http:\/\/www.autolaveuse-balayeuse-services.com\/#organization\",\"name\":\"AUTOLAVEUSE BALAYEUSE SERVICES\",\"url\":\"http:\/\/www.autolaveuse-balayeuse-services.com\/\",\"sameAs\":[],\"logo\":{\"@type\":\"ImageObject\",\"inLanguage\":\"fr-FR\",\"@id\":\"http:\/\/www.autolaveuse-balayeuse-services.com\/#\/schema\/logo\/image\/\",\"url\":\"https:\/\/www.autolaveuse-balayeuse-services.com\/wp-content\/uploads\/2023\/01\/cropped-thumbnail_pastedImage.png\",\"contentUrl\":\"https:\/\/www.autolaveuse-balayeuse-services.com\/wp-content\/uploads\/2023\/01\/cropped-thumbnail_pastedImage.png\",\"width\":662,\"height\":320,\"caption\":\"AUTOLAVEUSE BALAYEUSE SERVICES\"},\"image\":{\"@id\":\"http:\/\/www.autolaveuse-balayeuse-services.com\/#\/schema\/logo\/image\/\"}}]}<\/script>\n<!-- \/ Yoast SEO plugin. -->","yoast_head_json":{"title":"Services - AUTOLAVEUSE BALAYEUSE SERVICES","description":"Services - ABS vous pr\u00e9sente ici les diff\u00e9rents services propos\u00e9s par la soci\u00e9t\u00e9 : vente de pi\u00e8ces d\u00e9tach\u00e9es, entretien et r\u00e9paration de machines de lavage et nettoyage.","robots":{"index":"index","follow":"follow","max-snippet":"max-snippet:-1","max-image-preview":"max-image-preview:large","max-video-preview":"max-video-preview:-1"},"canonical":"https:\/\/www.autolaveuse-balayeuse-services.com\/index.php\/services\/","og_locale":"fr_FR","og_type":"article","og_title":"Services - AUTOLAVEUSE BALAYEUSE SERVICES","og_description":"Services - ABS vous pr\u00e9sente ici les diff\u00e9rents services propos\u00e9s par la soci\u00e9t\u00e9 : vente de pi\u00e8ces d\u00e9tach\u00e9es, entretien et r\u00e9paration de machines de lavage et nettoyage.","og_url":"https:\/\/www.autolaveuse-balayeuse-services.com\/index.php\/services\/","og_site_name":"AUTOLAVEUSE BALAYEUSE SERVICES","article_modified_time":"2026-03-07T12:35:09+00:00","twitter_card":"summary_large_image","twitter_misc":{"Dur\u00e9e de lecture estim\u00e9e":"1 minute"},"schema":{"@context":"https:\/\/schema.org","@graph":[{"@type":"WebPage","@id":"https:\/\/www.autolaveuse-balayeuse-services.com\/index.php\/services\/","url":"https:\/\/www.autolaveuse-balayeuse-services.com\/index.php\/services\/","name":"Services - AUTOLAVEUSE BALAYEUSE SERVICES","isPartOf":{"@id":"http:\/\/www.autolaveuse-balayeuse-services.com\/#website"},"datePublished":"2023-01-05T13:09:22+00:00","dateModified":"2026-03-07T12:35:09+00:00","description":"Services - ABS vous pr\u00e9sente ici les diff\u00e9rents services propos\u00e9s par la soci\u00e9t\u00e9 : vente de pi\u00e8ces d\u00e9tach\u00e9es, entretien et r\u00e9paration de machines de lavage et nettoyage.","breadcrumb":{"@id":"https:\/\/www.autolaveuse-balayeuse-services.com\/index.php\/services\/#breadcrumb"},"inLanguage":"fr-FR","potentialAction":[{"@type":"ReadAction","target":["https:\/\/www.autolaveuse-balayeuse-services.com\/index.php\/services\/"]}]},{"@type":"BreadcrumbList","@id":"https:\/\/www.autolaveuse-balayeuse-services.com\/index.php\/services\/#breadcrumb","itemListElement":[{"@type":"ListItem","position":1,"name":"Accueil","item":"http:\/\/www.autolaveuse-balayeuse-services.com\/"},{"@type":"ListItem","position":2,"name":"Services"}]},{"@type":"WebSite","@id":"http:\/\/www.autolaveuse-balayeuse-services.com\/#website","url":"http:\/\/www.autolaveuse-balayeuse-services.com\/","name":"AUTOLAVEUSE BALAYEUSE SERVICES","description":"Autolaveuse Balayeuse Services","publisher":{"@id":"http:\/\/www.autolaveuse-balayeuse-services.com\/#organization"},"potentialAction":[{"@type":"SearchAction","target":{"@type":"EntryPoint","urlTemplate":"http:\/\/www.autolaveuse-balayeuse-services.com\/?s={search_term_string}"},"query-input":"required name=search_term_string"}],"inLanguage":"fr-FR"},{"@type":"Organization","@id":"http:\/\/www.autolaveuse-balayeuse-services.com\/#organization","name":"AUTOLAVEUSE BALAYEUSE SERVICES","url":"http:\/\/www.autolaveuse-balayeuse-services.com\/","sameAs":[],"logo":{"@type":"ImageObject","inLanguage":"fr-FR","@id":"http:\/\/www.autolaveuse-balayeuse-services.com\/#\/schema\/logo\/image\/","url":"https:\/\/www.autolaveuse-balayeuse-services.com\/wp-content\/uploads\/2023\/01\/cropped-thumbnail_pastedImage.png","contentUrl":"https:\/\/www.autolaveuse-balayeuse-services.com\/wp-content\/uploads\/2023\/01\/cropped-thumbnail_pastedImage.png","width":662,"height":320,"caption":"AUTOLAVEUSE BALAYEUSE SERVICES"},"image":{"@id":"http:\/\/www.autolaveuse-balayeuse-services.com\/#\/schema\/logo\/image\/"}}]}},"_links":{"self":[{"href":"https:\/\/www.autolaveuse-balayeuse-services.com\/index.php\/wp-json\/wp\/v2\/pages\/77","targetHints":{"allow":["GET"]}}],"collection":[{"href":"https:\/\/www.autolaveuse-balayeuse-services.com\/index.php\/wp-json\/wp\/v2\/pages"}],"about":[{"href":"https:\/\/www.autolaveuse-balayeuse-services.com\/index.php\/wp-json\/wp\/v2\/types\/page"}],"author":[{"embeddable":true,"href":"https:\/\/www.autolaveuse-balayeuse-services.com\/index.php\/wp-json\/wp\/v2\/users\/1"}],"replies":[{"embeddable":true,"href":"https:\/\/www.autolaveuse-balayeuse-services.com\/index.php\/wp-json\/wp\/v2\/comments?post=77"}],"version-history":[{"count":4,"href":"https:\/\/www.autolaveuse-balayeuse-services.com\/index.php\/wp-json\/wp\/v2\/pages\/77\/revisions"}],"predecessor-version":[{"id":802,"href":"https:\/\/www.autolaveuse-balayeuse-services.com\/index.php\/wp-json\/wp\/v2\/pages\/77\/revisions\/802"}],"wp:attachment":[{"href":"https:\/\/www.autolaveuse-balayeuse-services.com\/index.php\/wp-json\/wp\/v2\/media?parent=77"}],"curies":[{"name":"wp","href":"https:\/\/api.w.org\/{rel}","templated":true}]}}